(-68). Suppose -2*m = y*p - 18, -4*m + 14 = -p - 0. Give d(p).
-4
Let q be 96/18*(-39)/(-52) - (0 + -1). Let u(g) = 16*g - 90. Give u(q).
-10
Let b(t) be the second derivative of -t**4/12 + 5*t**3/2 - 43*t**2/2 + 518*t. What is b(4)?
1
Let d(u) = -2*u**3 + 3*u**2 + 2*u. Let p(j) = -j**3 + j**2 + j. Let i(v) = 3*d(v) - 7*p(v). Suppose -4*s - 35 + 2 + 5 = 0, -5*a - 18 = 4*s. Give i(a).
14
Let j(p) be the second derivative of -p**3/3 - p**2/2 - 37*p - 1. Suppose 5*q + 5*q = -10. Determine j(q).
1
Let y(d) be the second derivative of d**4/12 + d**3/6 + 16*d**2 - 1762*d. Calculate y(0).
32
Let g(p) = 147*p + 84. Let x(l) = -530*l - 294. Let a(v) = -18*g(v) - 5*x(v). Calculate a(10).
-2
Let y(k) = -5*k - 5*k**2 - 5 + 1 - k**3 + 1. Suppose -7*b = -5*b + 5*t + 594, 2*t = -2*b - 582. Let u = -290 - b. Calculate y(u).
-6
Let a be (12 - (-266)/(-28))*24/(-20). Let w(t) = 3*t**2 - 11*t - 3. Let i(u) = 8*u**2 - 32*u - 9. Let r(o) = 4*i(o) - 11*w(o). What is r(a)?
9
Let q be (1/2 + 1)*(83 + -158 + 79). Let t(k) = k**2 - 2*k + 2. What is t(q)?
26
Let u(x) be the third derivative of 25*x**4/24 - x**3/3 - 2223*x**2. Calculate u(2).
48
Suppose 2*f - 5*r - 19 = 0, -4*f + 5 = -0*f + r. Let v(z) = -3*z**2 - 9*z - 2. Let g(l) = -l**2 - 2*l. Let p(x) = 4*g(x) - v(x). Give p(f).
0
Suppose -412 = -q + 4*r - 423, q + 3*r = -4. Let i(a) = -23*a - 152. Calculate i(q).
9
Let c be (10 - -2)*((-28)/154 - (-27)/(-396)). Let t(s) = s**3 + 5*s**2 - 6. Give t(c).
12
Suppose 0 = 5*v - 6 + 1. Let r(w) = -w**3 + v - 2 + 15*w**2 - 5*w**2 - 5. Give r(10).
-6
Let z(c) = 2*c - 6*c + 486 - 12*c - 13*c - 1071. Determine z(-20).
-5
Let h(m) = m - 9. Let u(l) = 21 + 11*l + 7 - 13*l. Let f(n) = 11*h(n) + 4*u(n). Calculate f(-5).
-2
Let z(k) be the third derivative of k**4/6 + 8*k**3/3 - 50*k**2 + 4*k. Calculate z(-3).
4
Let n(r) = -2*r**3 + 7. Let w be n(0). Let u be ((-266)/8)/w + 6/8. Let d(i) = -15*i**2 + 1 + 11*i**2 + 4*i**3 + 3 - 5*i**3. What is d(u)?
4
Let c(s) = 6*s**2 + 24*s - 15. Let t(h) = 3*h**2 + 13*h - 8. Let u(f) = -6*f**2 + f + 1. Let m be u(1). Let v(n) = m*c(n) + 7*t(n). Give v(-4).
-24
Let r(j) = -34*j - 34. Let p be r(-1). Suppose -4*v = -3*u, -3*u + p*v = v. Let d(k) = 3 + 5 - 3 + k. Give d(u).
5
Let k be (1 - (-6)/4)/((-4)/40). Let b(h) = -h**2 - 29*h - 95. Give b(k).
5
Let r(t) = 3*t**2 - 26. Let f be r(9). Let u = f + -219. Let x(g) = -g**3 - 3*g**2 + g - 2. Determine x(u).
-8
Let m(l) = l**3 + 12*l**2 + 4*l - 22. Let c = -4101 - -4090. Determine m(c).
55
Let g(m) = -m**2 + 4*m + 5. Suppose 10*a - 15 = -75. Let p be -16*(-5)/10 - (-2 - a). Give g(p).
5
Let k be (19/((-950)/360))/(4/(-10)). Let c(x) be the second derivative of -x**5/20 + 19*x**4/12 - 19*x**3/6 + 8*x**2 - 107*x. What is c(k)?
-2
Let u(m) = -m + 5. Let x(g) = -2*g - 10. Let w be x(-16). Suppose 18*q = w*q. Suppose q*a - 3*h = -2*a, -3*h = 5*a. Calculate u(a).
5
Suppose -8*m - 211017 = -211041. Let a(o) = 2*o + 2 - o + 5*o**2 + 0*o. Give a(m).
50
Let j(z) be the third derivative of z**6/60 + z**5/20 - z**4/8 + 1225*z**2. Calculate j(-3).
-18
Let s(d) = -1 - d**2 + 3 + 2 + 6*d. Let l = -95212 + 95219. Calculate s(l).
-3
Let n be (-7)/(7/(-2)) - 3. Let l(h) be the second derivative of -7*h**4/12 - h**3/3 - h**2/2 - 338*h + 1. Calculate l(n).
-6
Suppose -415*i = -413*i - 4*x + 10, 0 = 3*i + 2*x - 1. Let r(v) = -22*v**2 - 5*v - 5. Give r(i).
-22
Let y(d) = 3*d + 10. Let c(g) = -6*g - 43. Let l be c(-8). Let k(p) = p + 5. Let h(t) = l*k(t) - 2*y(t). Suppose 36 - 11 = 5*i. Determine h(i).
0
Let j = 10929 - 10903. Let g(h) be the second derivative of j*h + 0 - 1/12*h**4 - 7/6*h**3 + h**2. Determine g(-7).
2
Suppose -u + i = 0, 16*u - 2*i = 13*u + 3. Let n(c) = -c**3 + 5*c**2 + 3*c - 6. Let j be n(5). Let p(o) = -u*o + 1 - 2*o + 9 - j. Calculate p(4).
-19
Suppose 0 = 5*y + 4*a - 850, 0*y = 2*y - 5*a - 373. Let d = y + -171. Let j(g) = -g**3 + g**2 - g + 4. Give j(d).
-17
Let u(z) = 11*z + 103. Let g(n) = -177*n - 1644. Let v(h) = 4*g(h) + 66*u(h). Give v(-13).
-12
Let z(q) = -9*q - 1. Let a be (-6)/(-2) + (-6)/9*6. Let v(u) = -26*u + 2. Let h be v(a). Let b be 3 - (-7)/(h/(-8)). Give z(b).
-10
Let n(t) = t**2 + 5*t + 6. Let f be n(-4). Let w(s) be the first derivative of 1/2*s**2 + 1/2*s**4 - s**3 + 0*s - 24. Give w(f).
6
Let l(p) be the first derivative of 5*p**4/2 + p**3/3 + p**2 + p + 845. Calculate l(-1).
-10
Let s(a) = -2*a**2 - 82*a - 74. Suppose -36*p - 1102 + 27 = 365. Give s(p).
6
Let s(z) be the second derivative of -z**6/360 - z**5/120 + z**4/12 + 11*z**3 + 37*z. Let a(o) be the second derivative of s(o). Calculate a(-4).
-10
Suppose -15*m + 10*m = -140. Let h(d) = m*d - 39*d - d**2 + 10*d + 6. Calculate h(0).
6
Let q(l) = -3*l**2 + l - 1. Let a(p) = -5*p**2 + 2*p - 1. Let j(n) = 5*a(n) - 8*q(n). Let k be (-2*(-18)/(-48))/(17 + 1197/(-72)). Give j(k).
-5
Let g = 13747 - 13739. Let s(z) = 2*z**2 - 24*z + 80. Determine s(g).
16
Let n(r) = 0*r + 0*r**3 - 1 - 3*r - 13 - 994*r**2 - 6 - r**3 + 988*r**2. Let t be (-1 + 3/21)*7. What is n(t)?
-2
Let j(v) = -2*v. Suppose -50 = 2*h - 48. Let n(q) = -3*q - 27. Let k(z) = h*n(z) + j(z). Give k(-13).
14
Suppose 204 = 3*u - 7*u. Let s = u + 53. Let m(o) = 0 + o + s + 3. Calculate m(-7).
-2
Let a(q) = 0*q - 3*q - 7*q**3 - 1 + 5*q. Suppose 0 = 12*x + 10*x - 198. Suppose 14*n - x*n - 5 = 0. What is a(n)?
-6
Suppose -2*m - 5*a = 55, 2*m - 2*a - 7 = 1. Let j(d) = -d**3 - 4*d**2 + 5*d. Give j(m).
0
Let m(x) = -9*x - 1. Let o(q) = -37*q - 360. Let s(w) = -2*m(w) + o(w). What is s(-19)?
3
Let w(z) be the second derivative of -z**4/12 - 2*z**3/3 + z**2/2 + z. Let v = -30252 - -30246. Determine w(v).
-11
Suppose -13 + 3 = 2*k. Let q(x) = 13*x - 5. Let g(l) be the second derivative of -2*l**3/3 + l**2/2 + 95*l. Let n(t) = -7*g(t) - 2*q(t). What is n(k)?
-7
Let c = -17 - -167. Let i(m) = -293 + 152 - m + c. Calculate i(4).
5
Let m(h) = -h + 8. Suppose 2*d + i = 32 - 7, 2*i + 10 = 2*d. Suppose -5*s - d = 5*k, 6 - 17 = 4*s + 3*k. Let a be (s - -4)*1*0. What is m(a)?
8
Let w = -4 + 9. Let f(l) = -l**3 - 9*l**2 + 2. Let c be f(-9). Let d(v) = -13 + 14 + 0*v**c + v**2 - 7*v + 3. Determine d(w).
-6
Let o be (-28)/182 + 1368/(-234). Let x(f) = f**3 + 5*f**2 + 3*f - 2. Calculate x(o).
-56
Let h(z) be the first derivative of -z**2/2 + 4*z + 928. Determine h(7).
-3
Let a(j) = j**3 + 14*j**2 + 34*j + 9. Let t(n) = n**2 - 21*n + 69. Let l be t(16). Determine a(l).
-2
Let b(n) be the third derivative of 1/12*n**4 + 0 - 16*n + 0*n**3 + 1/15*n**5 + 2*n**2. What is b(1)?
6
Let n(f) = -3*f**3 + 15*f**2 - 7*f + 33. Let b be n(5). Let u(q) = -q**3 - 6*q**2 + 4*q + 7. Give u(b).
-17
Let m be 0 + (-2)/(-8)*8. Let u be ((-12)/6 + 2)/m. Let x(t) = t**3 - t**2 - t - 34. Determine x(u).
-34
Let l(p) = -p**2 - 8*p + 2. Let k be l(-8). Let q(w) = 14 - 14 + w**2 + k*w - 1. What is q(-2)?
-1
Let g(h) = 3*h**2 - 7*h + 9. Let s = -4998 - -5003. Give g(s).
49
Let c be (-2)/13 + (-74)/26. Let f(t) = 55*t**2 + 4*t + 22. Let p(r) = 64*r**2 + 4*r + 25. Let a(v) = 7*f(v) - 6*p(v). Calculate a(c).
1
Let g(b) = 47 - 8*b - 27 - 18. Let d(r) = -27*r + 7. Let x(a) = -2*d(a) + 7*g(a). Give x(-4).
8
Let b(y) be the first derivative of -y**2 - 8*y + 11. Let g be b(-7). Suppose -9*w + g*w = 6. Let v(r) = -r**3 - 2*r**2 - 3*r. Calculate v(w).
6
Let q be (10/30)/(2/(-4))*84/7. Let h(t) = t**3 + 4*t**2 - 33*t + 11. Determine h(q).
19
Let s(w) = -9*w - 29. Suppose 3*v - 4*i = 3, -15*v + 3*i + 3 = -13*v. Determine s(v).
-2
Let b(r) = -21*r + 7. Let g(s) = 112*s - 32. Let m(o) = 11*b(o) + 2*g(o). Calculate m(6).
-29
Let x(f) = f**2 + 2*f - 3. Suppose -117*u - 145 = 89. What is x(u)?
-3
Let f(n) = -27*n**2 - 4*n - 27. Let u(c) = -74*c**2 - 11*c - 81. Let l(b) = -11*f(b) + 4*u(b). Give l(6).
9
Let q(x) = -x**2 + 5*x - 5. Let k(v) = 2 + 2 - 1 + 4 - 8. Let m(j) = 3*k(j) - q(j). Determine m(5).
2
Let f = -35 - -38. Let m(p) = 979*p**2 + 3*p**f - 2*p - 972*p**2 - 13*p + 5. Let j(z) = -z**3 + z**2 + z + 1. Let c(d) = 4*j(d) + m(d). Calculate c(10).
-1
Let n(b) be the second derivative of b**4/12 - b**3 - b**2/2 + 16*b. Let z(u) = 2*u + 1. Let s be z(3). What is n(s)?
6
Let r(l) be the third derivative of l**6/120 - 5*l**5/12 - 9*l**4/8 + 25*l**3/6 - 2*l**2 - 15*l + 14. Determine r(26).
-1
Let v(y) = 16*y**2 - 45*y - 32. Let l(u) 